 4*y + 3*f - 3050. What is the tens digit of y?
6
Suppose 2*t - 6*t + 16 = 0. Suppose o = -t*o + 5*i + 235, -3*i - 95 = -2*o. Let d = o + -10. What is the tens digit of d?
3
Let v(y) = -y + 7. Let b = 4 + 1. Let m be v(b). Suppose -2*n + 7 - 16 = -5*c, -m*n - 2*c + 26 = 0. What is the units digit of n?
8
Suppose 5 = 2*c - 1. Suppose 2*r + h + 3*h - 20 = 0, 3*r - c*h - 21 = 0. Suppose r*t - 404 = -68. What is the tens digit of t?
4
Suppose 3*g - 24 + 0 = 0. Let h = g + 180. What is the hundreds digit of h?
1
Let z = -176 + 44. Let c = z + 193. What is the units digit of c?
1
Suppose 0*f + 2*d = 5*f - 9, -4*d + 9 = -f. Suppose -3*o + 0 = -f, c - 5*o = 100. What is the units digit of c?
5
Let a be 4 + (2 - -5) + 4. What is the units digit of (0 + (-245)/a)*-3?
9
Suppose 3 = 5*h - 5*c - 27, 4*c - 6 = -2*h. Suppose 0 = 2*o - h*o. Suppose 0*s - 3*s + 63 = o. What is the tens digit of s?
2
Let q = 27 - 27. Suppose q = m - 4. Suppose -m*h + 127 = -3*w - 76, -47 = -h - 3*w. What is the units digit of h?
0
Let n = 8 + -5. Suppose 3*z + k - 8 = 0, -5*z + 8 + n = 4*k. What is the tens digit of (2 - z)*(-20 + 6)?
1
Let n(f) = -14*f - 6 + 4*f + 6*f**2 + 6*f. What is the units digit of n(7)?
0
Suppose 29*q = 27*q + 6. Let a(z) = 11*z**3 - 2*z**2 + z + 4. What is the units digit of a(q)?
6
Suppose -4*t + 3*g + 0 + 6 = 0, g = 2. Suppose -3*y = -4*s + 29, -2*y + 45 = 5*s + t*y. Let l(j) = j**2 - 3*j - 8. What is the tens digit of l(s)?
3
Let d = 63 - 63. Suppose w - 4*t = d, -2*t - 20 = -4*w + 36. What is the units digit of w?
6
Suppose -2*z + 4*z = 1466. Suppose 3*j - 2*w = z, 0 = -5*j - 4*w - 566 + 1795. What is the hundreds digit of j?
2
What is the units digit of ((-152)/(-95))/(2/805) - -3?
7
Let y be (-13)/(-5) + 14/35. Suppose -o = -28 - y. What is the units digit of o?
1
Let y be -4 - (-12 + 3) - 117. What is the hundreds digit of -15*(-2 - y/(-20))?
1
Let l be ((-5)/(15/(-438)))/2. Suppose 3*x + x = -3*b - 67, -3*b = x + l. Let k = b - -45. What is the tens digit of k?
2
What is the units digit of ((-161891)/321)/((-1)/3)?
3
Let n be (-17)/34 + 2/4. Suppose n = -3*c - 3 + 30. What is the units digit of c/(-21) + (-1310)/(-35)?
7
Let n be 2139/(-33) - 6/33. Let v = 110 + n. What is the units digit of v?
5
Suppose 6 = -3*k + 9. What is the units digit of 52 + k - (11 - 10)?
2
Let n be (-1)/1 + 2 + 14. Let i be (-45)/(-9) + -2 + 21. Suppose -t + f + n = 0, -4*t - 7*f = -2*f - i. What is the units digit of t?
1
Let u be (-3)/27 - (-84)/27. Suppose -u*w + 1023 = 2*w - s, 0 = -3*w + 5*s + 605. What is the units digit of w?
5
Let t = -29 - -32. Suppose 2*q = -4*m + 338, -t*q - 520 = -5*m - 81. What is the tens digit of m?
8
Let d be ((-191)/3 - 4/(-6))*1. Let u = d - -123. What is the tens digit of u?
6
Let w be ((-2)/(-3))/((-8)/(-540)). Suppose x = 4, -6*x + x + w = 5*k. Suppose g - k*m = 66, -3*m - 4 = -m. What is the tens digit of g?
5
Let j(s) be the third derivative of s**6/120 + 3*s**5/20 - 11*s**4/24 + 11*s**3/6 - s**2. Let i be j(-10). Let c = i + -14. What is the units digit of c?
7
Let v(b) = 371*b**3 + b**2 + 3*b - 3. Let m be v(1). Suppose -10*q = -13*q + m. What is the hundreds digit of q?
1
Let j(u) be the second derivative of -u**5/20 + 7*u**4/12 + 4*u**3/3 + 6*u**2 + u. What is the units digit of j(-4)?
6
Let z = 0 - -2424. What is the hundreds digit of z?
4
Let w be (-63)/(-14)*12/(-9). What is the units digit of 206/4 + (-9)/w?
3
Let r(k) = -k**3 - k**2 - k - 1. Let j(p) = -105*p**3 + 7*p**2 + 6*p + 6. Let o(v) = -j(v) - 6*r(v). What is the tens digit of o(1)?
1
Suppose 2*l = 10 + 14. Let u(s) = -37*s + 79*s - 43*s + 13. What is the units digit of u(l)?
1
Let g(u) = -u**2 - 9*u - 6. Let q be g(-6). Suppose 4*c = -3*f - 2*f + 139, -4*c + 2*f = -118. Let x = c - q. What is the units digit of x?
9
Let j(w) be the second derivative of w**4/6 + 5*w**3/6 - 7*w**2/2 + 22*w. Suppose 0*k - 15 = 2*k - 5*y, 4*k + 4*y + 16 = 0. What is the tens digit of j(k)?
1
Let l = 1275 + -484. What is the tens digit of l?
9
Suppose 4*m = -0*m. Let k be (0 + -1)/(9/(-117)). Let j = k + m. What is the units digit of j?
3
Let n = 20 - 20. Suppose u + 2*z = 4*u - 70, -5*u + 5*z + 115 = n. What is the units digit of u?
4
What is the thousands digit of -14 + 1967 + 16/2?
1
What is the tens digit of (-4)/50 + (-113064)/(-175)?
4
Suppose 282 = 3*a - 81. Let q = 241 - a. Suppose q - 36 = 3*y. What is the tens digit of y?
2
Let v(s) = 10*s**2 + 8*s - 2. What is the hundreds digit of v(-5)?
2
Suppose -9 = -i - 2*i. Suppose i = 3*b, -5 = 3*d - 0*b + 4*b. What is the units digit of (-34)/(d*2/6)?
4
Let t(i) = i**3 + 6*i**2 + 5*i + 4. Let n be t(-5). Suppose -282 = -2*x + 4*g, n*g = -x + 83 + 28. What is the units digit of x?
1
Suppose -56 = -0*p - 4*p. Let k be 3 - 2/(4/p). Let y = k - -13. What is the units digit of y?
9
Suppose -3*l + 841 + 5456 = 0. What is the units digit of l?
9
Let t = 182 - -17. Let g = t - 125. What is the units digit of g?
4
Suppose -r + 8 + 7 = 5*p, -r - 2*p = -9. Let f(u) = 11*u + 5. What is the tens digit of f(r)?
6
Suppose n - 3*v - 309 = 0, 2*n - 5*v = -0*v + 619. Let w be 3*(-2)/(-4)*(-64)/(-24). Suppose s - 48 = -0*s + w*u, 5*s + 4*u = n. What is the units digit of s?
0
Suppose 447*w = 445*w + 1030. What is the tens digit of w?
1
Let l(q) = -23*q**3 + 23*q**2 + 74*q - 4. What is the units digit of l(-3)?
2
Suppose v + 7*o - 85 = 2*o, 0 = 2*o + 10. Suppose -v + 335 = 5*y. Suppose -55 = -3*f + 5*g, -5*f - 2*g + y = -g. What is the tens digit of f?
1
Suppose 0 = -4*d, 603 = 6*n - 3*n - 3*d. Suppose 14*u - n = 13*u. What is the units digit of u?
1
Let p be 1 + 4 + (-4 - 0). Let c = 6 - p. Suppose 0 = c*l - 4*k - 254, 47 = 5*l - k - 219. What is the units digit of l?
4
Let x(m) be the second derivative of -3*m**5/4 + m**4/3 - m**3/3 - m**2 + 6*m. Let n be x(2). Let w = n - -164. What is the tens digit of w?
5
Suppose 4*v = 5*v - 548. What is the units digit of v?
8
Let i = -45 + 39. What is the tens digit of (i/(1 + 5))/(2/(-138))?
6
Let b(m) = 1191*m + 37. What is the thousands digit of b(2)?
2
Let s = -1458 - -2362. Suppose 0 = -6*c + 10*c - s. What is the units digit of c?
6
Suppose -3*y - 768 = -2*h, -384 = -h - 2*y - 3*y. Suppose -171 - h = -3*j. What is the hundreds digit of j?
1
Let q(n) be the first derivative of n**2/2 - 2*n - 1. Let t be q(7). Suppose t = -r - 3*a, -r = -4*r + a + 35. What is the tens digit of r?
1
Suppose 3*f + 32 = -2*m - 3, -42 = 4*f + 5*m. Let q(g) = -g**3 - 12*g**2 + 8*g - 14. Let b be q(f). Suppose 0 = 5*i - b - 229. What is the units digit of i?
6
Let w be (4/24)/((-4)/16)*-3. Suppose w*z - 222 = -2*h - z, z - 111 = -h. What is the hundreds digit of h?
1
Let j be 2*(-566 + 0)*3/(-12). Suppose 5*b + 2*x = j, -3*b - 2*x + 4*x = -157. What is the tens digit of b?
5
Let t be (-7 + 11)*(-750)/(-4). Suppose -43*i - t = -46*i. What is the units digit of i?
0
Suppose -8*r = -1 - 15. Suppose -98 = -4*t + r*t. What is the units digit of t?
9
Suppose 16605 = 5*l - 2*d, -l + 2526 = -d - 795. What is the thousands digit of l?
3
Let u(i) = 3*i**3 - 28*i**2 - 43*i - 17. What is the thousands digit of u(14)?
2
Let o(f) be the second derivative of -f**3 + 3*f**2/2 + 6*f. Let j be (-2)/12 + 92/(-24). What is the units digit of o(j)?
7
Suppose 16*m - 5070 = 6*m. What is the tens digit of m?
0
Let s(p) = 3*p**2 + p + 29. What is the units digit of s(14)?
1
Suppose -8*h = -11*h + 171. What is the tens digit of h?
5
Let w(v) = -v**2 + 12*v - 11. Let i be w(11). Suppose i = 21*s - 17*s - 504. What is the tens digit of s?
2
Suppose -4 + 0 = -4*n. Let p(u) = -4*u**3 + 5*u**3 - 3 - 11*u**2 + 10*u + n + 7. What is the units digit of p(10)?
5
Let a = -911 + 1503. What is the tens digit of a?
9
Let y = 22 + -35. Let s(g) = 10*g**2 + 61*g + 14. Let x(c) = -7*c**2 - 41*c - 9. Let z(f) = -5*s(f) - 7*x(f). What is the units digit of z(y)?
8
Let o(n) be the first derivative of -n**2 - 2 + 10/3*n**3 + 3*n. What is the units digit of o(2)?
9
Let a = 21 + -18. Let y be 1 + -1 + a + -3. Suppose y = -5*z, o = 3*z + z + 32. What is the tens digit of o?
3
Suppose -12*r + 17535 = 3*r. What is the hundreds digit of r?
1
Let y(d) = d**2 + 8*d + 29. Let h be y(-6). Suppose u - 2*u + h = l, -4*u = 2*l - 40. What is the units digit of l?
4
Let n be 30/(-12)